c) = -6*c**2 + 1. Let w(t) = 3*t**2. Let r(u) = 3*w(u) + 2*x(u). What is r(n)?
-10
Let u = -169 - -189. Suppose 10*z - u = 30. Let v(n) = -2*n + 12. Determine v(z).
2
Suppose -72 = 5*z - 2*y, 118 = -6*z - y + 52. Let p(v) = 79*v + 945. Calculate p(z).
-3
Let c = -1 - -5. Let t(h) = -836*h**2 + 1683*h**2 - 9 - 844*h**2 - h. Let p(j) = 4*j**2 - 10. Let u(w) = c*p(w) - 5*t(w). What is u(-6)?
11
Let s(j) = j**3 - 5*j**2 - 21*j + 49. Let k be s(7). Let y(v) = -20*v - 28. Let f(o) = 7*o + 9. Suppose g - 8 = -2. Let u(a) = g*y(a) + 17*f(a). Determine u(k).
-15
Let v(f) = 26*f - 15. Let s(i) = 43*i - 30. Let g(l) = 3*s(l) - 5*v(l). Determine g(11).
-26
Let t be -5*(0/(0 + 3) + (-9)/15). Let q(f) = -3*f - 3. Determine q(t).
-12
Let k(g) = -21*g**2 + 118*g - 153. Let z(s) = 5*s**2 - 29*s + 39. Let v(t) = 6*k(t) + 25*z(t). Determine v(-13).
109
Let w(g) = 337*g + 186. Let h(v) = -952*v - 559. Let f(t) = 6*h(t) + 17*w(t). Calculate f(11).
-5
Let m(p) = 3*p**2 + 589 - 2*p**2 - 587 - 13*p + 0*p**2. Determine m(15).
32
Let p(d) = 3*d. Let c = 33 - -27. Suppose -5*t = -11*t + c. Let y = -15 + t. Calculate p(y).
-15
Let d(j) be the second derivative of -j**4/12 + j**3/2 + 7*j**2/2 - j + 151. Calculate d(5).
-3
Let y(w) = 1 - 8*w + 3*w + 3. Let b(a) = -a + 1. Let z(m) = -m**2 - 25*m - 4. Let r be z(-25). Let i(p) = r*b(p) + y(p). What is i(-2)?
2
Let i(h) be the second derivative of -h**3/3 + h**2/2 + 94*h + 33. Let r(c) = c**3 + 3*c**2 - 5*c - 1. Let b be r(-4). Give i(b).
-5
Let m(q) = 2*q + 17. Suppose 6*p - 3*w = 7*p + 138, 3*p = -5*w - 398. Let s = 122 + p. Give m(s).
9
Let i(r) = 2*r**3 + r**2 + 2. Suppose 1 = -b + 10*l - 9*l, -2*l - 4 = -5*b. Suppose 333*d = 332*d + b. Give i(d).
22
Let m = 35 + -34. Suppose f = m + 4. Suppose j + 3*j - f*j = 0. Let u(i) = i + 2. Give u(j).
2
Let q be 6/((2 + 0)/(-2)). Let k(n) = 3*n**2 + 5014 + n**3 + 2*n**2 - 2*n - 2590 - 2421. Give k(q).
-21
Suppose 4*o + 8 = -17*n + 15*n, 0 = -n - 5*o - 19. Let a(c) = -48*c + 289. Determine a(n).
1
Let s(y) = -y**3 - 5*y**2 - 2*y + 1. Suppose 0 = -f - f. Suppose f = 31*r - 33*r. Let h be (-5)/(-2)*(r + -2). What is s(h)?
11
Suppose -29 = -8*r + 5*r - 4*p, -5*r = -4*p + 5. Suppose 0 = -r*d + 211 - 244. Let u(c) = -2*c - 18. Determine u(d).
4
Let w = 403 - 403. Let g(n) be the second derivative of n**3/6 + n**2/2 - 102*n. What is g(w)?
1
Let o be (-2)/(-5) - (-12)/(-5). Let q(w) be the first derivative of 2*w + 1/2*w**2 + 1/4*w**4 + 0*w**3 - 110. Give q(o).
-8
Suppose 9*j + 2 = 8*j. Let b(z) = 29*z + 7. Let t be b(j). Let h = -53 - t. Let l(q) = -3*q**3 - 3*q**2 - 4*q - 2. Calculate l(h).
18
Suppose s = 3*s, o = -4*s + 60. Suppose 3*n = 5*n - o. Let x(w) = w - n - 4*w + 27. Calculate x(-2).
3
Let a be 6578/946 + 40/860. Let b(r) = 2*r - 15. Let h(u) = u + 1. Let k(j) = -b(j) + h(j). Determine k(a).
9
Let z be 16/3 + 4/6. Suppose 84*p - 1985 = 139 - 108. Let r be (-124)/p + 1/z. Let c(h) = -h**2 - 4*h - 4. What is c(r)?
-9
Let u(b) = b**2 - 4*b + 100. Suppose 6311 = 73*s + 6311. Give u(s).
100
Let k(g) = g**3 + 2*g**2 - 21*g - 14. Let l(u) = u**3 + u**2 - 16*u - 11. Let i(d) = 3*k(d) - 4*l(d). Let x be ((-28)/(-21))/((-4)/(-6)). Determine i(x).
4
Suppose 897 = -16*j - 578 + 1011. Let m(i) = -3*i + 4. Determine m(j).
91
Suppose -83 = -54*n + 79. Let j(i) = -11*i - 11 + 12*i - 18 - n*i. Give j(-12).
-5
Let s be (6 + (8 - 13))/1. Let o(f) = 4*f**3 - f**2 - 3*f + 4. Determine o(s).
4
Let l(z) = 31*z + 55. Let v(q) = 16*q - 18. Let o be v(1). Let x be l(o). Let s(h) = -h. Determine s(x).
7
Suppose -5*j + 54 - 59 = 0. Let d(v) = -5*v**3 - 6*v**2 - 15. Let h(y) = y**3 - y + 1. Let u(g) = j*d(g) - 6*h(g). What is u(7)?
2
Let w be ((-1)/1)/(7/(-245)). Suppose 37*a = w*a. Suppose -4*o - 4*o + 40 = a. Let x(i) = i**2 - 2*i - 1. Calculate x(o).
14
Let i = 34103 + -34097. Let q(a) = -3*a**2 - 6 - 3*a + a**3 - a**2 - 9*a. What is q(i)?
-6
Let j(y) = -y**3 - 3*y**2 - 2*y + 1. Let r = -150 + 122. Let c be (-4)/16 + r/16. Determine j(c).
1
Let x(y) = 2*y**2 - 3*y - 2. Let c(m) = 2*m - 16. Let f be c(7). Give x(f).
12
Let x(j) = 18*j + 705. Let u be x(-39). Let a be 5/20 - 3/(-4). Let l(q) = -q**2 + q. Let p(m) = -4*m**2 + 3*m - 3. Let d(w) = a*p(w) - 5*l(w). What is d(u)?
0
Let w = 20 + -16. Suppose 5*z - 2*u = 12, 0 = -z + 2*u + w. Suppose v - z*v = 6. Let y(b) = -b + 3. What is y(v)?
9
Let t(z) be the second derivative of -15*z**4/4 - 13*z. Let j be t(1). Let v = -45 - j. Let r(b) = b**2 - b + 2. Give r(v).
2
Let g(v) = 9*v**3 - 18*v**2 - 17*v + 7. Let u(l) = -7*l**3 + 17*l**2 + 18*l - 7. Let s(h) = 4*g(h) + 5*u(h). Calculate s(-11).
-7
Let v(l) be the second derivative of -l**3/6 + 8*l**2 - 35*l - 41. Determine v(29).
-13
Let o = -1864 - -1871. Let u(g) = -g**2 + 8*g + 4. Determine u(o).
11
Let k(r) = -16*r**2 + 2*r + 3. Suppose 0 = 5*a - 35, 5*n - 1487 + 1527 = 5*a. Determine k(n).
-15
Let d(l) = -7*l**2. Let q be (-5)/(-15)*(3 - (5 - 59)). Suppose 2*a - 21*a = -q. Determine d(a).
-7
Let r(s) = -2*s**2 - 39*s + 12. Suppose -4*u + 5*w = -25 + 85, 20 = -5*w. Calculate r(u).
-8
Let v(p) = 2*p**3 + 17*p**2 - p + 2. Let n(f) = -f**3 - 9*f**2 - 1. Let q(i) = 7*n(i) + 4*v(i). Suppose 0 = -163*u + 146*u - 85. What is q(u)?
21
Let o(g) = -6*g**2 - 48*g + 48. Let c(a) = a**2 + 8*a - 8. Let i(x) = -17*c(x) - 3*o(x). Suppose 132 = -2*j + 116. Calculate i(j).
-8
Let r(w) = -w**3 + 4*w**2 - 2*w. Let j(m) = m**2 - 33*m + 167. Let a be j(6). Suppose 5*q - 13 = b - 0*q, 5*q = 5*b + a. Calculate r(b).
4
Let y be (9 + 0 - 6)*(-88)/(-66). Let j(w) = w**2 + 14*w - 65. Determine j(y).
7
Let h(i) be the second derivative of 3*i**5/10 + i**4/12 - 2*i**3/3 + 5*i**2/2 - 623*i. What is h(2)?
49
Let v(w) = -82 + 4*w - 513*w**2 + 514*w**2 - 19*w. Determine v(19).
-6
Let s(u) = -4*u**2 - 7*u - 5. Suppose -2*k = 4*x - 18, -16*x + 5*k - 6 = -13*x. Suppose -3*r = -5*y + 12, 11*r - x*y - 8 = 13*r. Determine s(r).
-41
Suppose 109*m + 2 = 107*m. Let d(r) = -r**2 + 2*r - 1. Let j(b) = 6*b**2 - 5*b. Let z(l) = m*j(l) - 5*d(l). Calculate z(-6).
-1
Suppose 33 = 2*r + 4*n + 43, r - 5*n = 37. Let t(v) = -6*v**2 + 43*v + 6. Give t(r).
13
Let n(u) = 13*u**2 + 5*u - 1. Let d(t) = 37*t**2 + 16*t - 1. Let w(o) = o**3 - 14*o**2 - 10*o - 81. Let l be w(15). Let c(q) = l*d(q) + 17*n(q). What is c(-9)?
7
Let r(n) = -20*n - 660. Let y = -26060 + 26027. Determine r(y).
0
Let g(k) = 6*k**2 - 7*k + 12. Let v(u) = -14*u**2 + 3*u + 12*u**2 - 1 - 3. Let o(q) = -4*g(q) - 11*v(q). Give o(-3).
-7
Let b(o) be the third derivative of -o**5/60 - 25*o**4/12 - 19*o**3 + 1352*o**2 - 2*o. Calculate b(-48).
-18
Let c(t) = -133*t**3 - 3*t**2 + t + 3. Let p be c(-1). Let n = p - 139. Let s(w) = -w**2 - 5*w + 8. Give s(n).
-6
Let k = -205 + 209. Let y(v) be the first derivative of -v**3/3 - v**2 + 20*v + 141. Determine y(k).
-4
Let v(s) = -s**2 + 10*s - 7. Let d(a) be the second derivative of a**5/10 - a**4/3 + a**3/2 + a**2/2 + 3*a + 7. Let j be d(2). Determine v(j).
14
Let b be 20/14 + (-12)/(-21) + 2. Let n(l) = -2 - l**3 + 360*l**2 - b - 355*l**2. Calculate n(5).
-6
Let u(n) be the second derivative of -n**4/12 + 5*n**3/6 + n**2 - n. Suppose k - 9*v = -37, -37 = -4*k - 3*v + 2*v. Determine u(k).
-22
Let b(l) = 25*l**2 - 34*l**2 - 6*l + 3*l**3 - 5*l**2 - 3 + 11*l + 18*l**2 - 4*l**3. Let p(r) = -r**3 - 3*r**2 + 4*r + 5. Let y be p(-4). Calculate b(y).
-3
Let t(i) = 4*i**2 - 12*i + 6. Let f(v) = -202*v**2 - 7*v - 6*v + 10 - 5 + 207*v**2. Let p(r) = 5*f(r) - 6*t(r). Let j(l) = 4*l + 24. Let z be j(-8). Give p(z).
-3
Let d be ((-3)/((-36)/60))/(2/2). Let i(a) = 7*a**3 - 26*a**2 + 9*a - 16. Let z(w) = 3*w**3 - 12*w**2 + 4*w - 8. Let n(v) = d*z(v) - 2*i(v). Determine n(8).
8
Let h(c) = 159*c - 57 - 150*c + c**2 + 24. Determine h(3).
3
Let p be -2 + -5 + 18 + -5. Suppose -18 + 48 = -p*y. Let m(i) = -i**2 - 3*i + 6. Calculate m(y).
-4
Let t(u) be the first derivative of -1/3*u**3 + 5/2*u**2 + 3 + 2*u. Determine t(3).
8
Let d(w) = 3*w**3 - 5*w**3 - 1 - 7*w - 4 + 7*w**2 + w**3. Let t be d(6). Let l be (t/33)/((-1)/15). Let u(o) = o**2 - 5*o - 2. Calculate u(l).
-2
Let p(x) = -x**2 - 7*x - 7. Let r(t) = t**3 - 31*t**2 - 64*t - 73. Let l(a) = 2*a**2 - 5*a - 30. Let s be l(7). Let v be r(s). Determine p(v).
-7
Let f(m) be the second derivative of -23*m**3/6 + 95*m**2/2 - 398